. Let h = 63 + y. What is the tens digit of (-101*(-1)/h)/(-1)?
0
Suppose -2*z + 2 = -p, -p = -5*p + 3*z - 13. Let i be (-4)/((-475)/(-120) + p). Suppose 12 = 4*h - i. What is the tens digit of h?
2
Let f be 235/(-10) + 2/4. Let q(n) = 3*n**2 + 33*n - 9. Let m be q(f). Suppose -6*v + m = v. What is the tens digit of v?
1
Let f be (-1 + 0)/((-7)/21). Suppose f*t = 480 + 609. What is the units digit of t?
3
Let a be 3 - 94/(-18) - (-2)/(-9). Let n(h) = 9*h**2 + 10*h + 14. What is the units digit of n(a)?
0
Suppose 25*b - 31*b = -510. Suppose b*q + 4 = 86*q. Suppose -q*w - 7*r + 4*r = -968, -4*r + 1211 = 5*w. What is the tens digit of w?
3
Suppose 5*d = -5*x - 5745, -4*x + d - 2301 = -2*x. Let v = x + 1627. What is the tens digit of v?
7
Suppose -8807 = -3*j + 2*i, -8*j = -13*j - 5*i + 14695. What is the hundreds digit of j?
9
Let w(y) = -6*y**3 - 244*y**2 + 110*y - 191. What is the tens digit of w(-44)?
8
Let w = 5985 - 3768. Let z = w + -1211. What is the hundreds digit of z?
0
Let c = -60 - -71. Suppose c*s - 248 = 7*s. Suppose 0 = -2*x + s + 234. What is the hundreds digit of x?
1
Let r = -115 + 186. Suppose -2*i - r = -77. Suppose i*w + t - 2*t = 106, -3*t + 6 = 0. What is the tens digit of w?
3
Suppose 36*i - 10 = 34*i. Suppose x + 2*h - 193 = 0, 9*x = 13*x + i*h - 760. What is the tens digit of x?
8
Let p = -112 - -285. Let i = 345 - p. What is the hundreds digit of i?
1
Let k = 34480 + -19309. What is the thousands digit of k?
5
Let u = -1382 + 1964. Suppose 2*v = -2*l + u, 0 = -4*l - v + 1666 - 505. What is the units digit of l?
0
Let i = 307 + 330. Let o = -560 + i. What is the tens digit of o?
7
Suppose -167228 = -2*t - 108*g + 104*g, -9*t + 4*g = -752504. What is the tens digit of t?
1
Suppose -1680*g = -1678*g - 79978. What is the hundreds digit of g?
9
Suppose 0 = 2*i + 6*y - 5*y - 1033, -5*i = 5*y - 2590. Suppose 0*b + 4*o = 5*b - i, -2*b + 206 = 5*o. What is the units digit of b?
3
Let u = 119 + -117. Suppose -b - u = 2, 2*x = 3*b - 234. What is the units digit of (-1)/(-3)*(6 - x) - 0?
3
Suppose -6 = -2*v + 3*q + 3, 4*v + 15 = -5*q. Let s be (2 + -1 + 1)*1. What is the tens digit of v - (-235 + 0 + (s - 0))?
3
Suppose 4*s + 2*w = -884, 0*s - 685 = 3*s - 4*w. Let r = s + 250. What is the units digit of r?
7
Suppose -4*y = -5*z - 32, 0 = -3*z - 5*y + 6 - 3. Let h be (-11580)/(-75) - z/(-10). Suppose 5*c = -h + 549. What is the units digit of c?
9
Let p(g) = 146*g + 56. Let a be (4 + (-70)/(-20))*4/6. What is the tens digit of p(a)?
8
Suppose -2*i + 3 = -i, -3*i = 5*j - 49. Suppose -j*f + 1379 = -709. What is the units digit of f?
1
Suppose 2*c = -2*y - 2*c + 4, -c + 1 = 0. Suppose -1993 = -3*x + 2*m, 2*m + 3 - 5 = y. What is the hundreds digit of x?
6
Suppose 5*v + 46 = -4. What is the tens digit of ((-1388)/(-6))/(-1 + v/(-6))?
4
Let p be (-24)/(-2) + (2 - 4). Let v(l) be the second derivative of -l**5/20 + 5*l**4/6 + 13*l**2/2 - 14*l. What is the tens digit of v(p)?
1
Suppose -3*u - 11040 = -15*u. Let z(n) = n. Let s be z(5). Suppose s*t = 10*t + 5*i - u, t - 2*i = 181. What is the units digit of t?
3
Suppose -4*o + 16*d = 11*d - 28108, -d - 21081 = -3*o. What is the hundreds digit of o?
0
Let b be -12 - -9 - (-12)/(-8)*-2. Let l(s) = 3*s**2 - 3*s - 2. Let c be l(4). What is the tens digit of 10/5 + b + c*1?
3
Let v(y) = 722*y**2 - 70*y - 170. What is the tens digit of v(-6)?
4
Let i = -38 - -119. Suppose 5*x + i = -4*v, 5*v - x - x + 60 = 0. What is the units digit of (-4)/v - ((-410)/35 - -5)?
7
Suppose p = 11*y - 6*y + 85532, -4*y - 68416 = 4*p. What is the hundreds digit of y/(-36) + 2/(-12)?
4
What is the hundreds digit of 44/12 + 10/(-15) - (-4061 + -7)?
0
Suppose 74 = 17*x - 28. What is the hundreds digit of x + -6 - -31*29?
8
Let m(l) = l**2 - 21*l - 794. What is the hundreds digit of m(-26)?
4
Let n(a) = 2*a**3 + 11 - 6*a - 6*a**3 + 4 + 10*a**2 + 3*a**3. Let f = 21 - 14. What is the tens digit of n(f)?
2
Let a(i) = i**3 - 9*i**2 - 2*i + 20. Let w be a(10). Let u be (0/(-1))/(0 - 1). Suppose 92 = l - y - y, u = l + 2*y - w. What is the tens digit of l?
9
Let s(u) = -13*u - 76. Let w be s(-12). Suppose p + 3*n - 58 - w = 0, -3*p + 5*n = -470. What is the units digit of p?
0
Let z(j) = 4*j**3 + 3*j**2 - 6*j - 4. Let y(r) = 3*r**3 + 2*r**2 - 6*r - 3. Let f(p) = -5*y(p) + 4*z(p). Let q be (3 - 2)*3 + 0. What is the tens digit of f(q)?
6
Let x = 247 + 1286. What is the units digit of x?
3
What is the units digit of 676184/68 - (-54)/459?
4
Let n be (-2 - -2)/((-1)/(-2)*6). Suppose n = -2*q + 2*m + 2, -3*q + 7*m + 8 = 3*m. What is the tens digit of (1/2 + q)*-6?
2
Suppose -x + 7*z + 2323 = 12*z, -2*x + 4646 = z. Let b = -1316 + x. What is the tens digit of b?
0
Let m = -398 + 18106. What is the ten thousands digit of m?
1
Suppose 3*f - 7*f = p + 16, 0 = -5*p - f + 15. Suppose 0 = p*q + 2*y - 904, -5*y + 161 - 1051 = -4*q. What is the units digit of q?
5
Let j = 21462 - 726. What is the tens digit of j?
3
Let v(u) = 6515*u - 8117. What is the units digit of v(10)?
3
Let z = 18 + -3. Suppose d + 2102 = 5*f - 0*d, -z = -5*d. What is the hundreds digit of f?
4
What is the units digit of (12 - 13)*(-5)/(-10) + (-91233)/(-6)?
5
Suppose -3*w + 86 = -0*x + 2*x, w - 3*x - 36 = 0. Suppose 6*c - 24 = w. Suppose c = 4*j - j. What is the units digit of j?
3
What is the ten thousands digit of (15 - 7 - 747/18)*-47*18?
2
What is the hundreds digit of 8132 - (-18)/((-180)/(-70))?
1
Let y = -1033 - -1055. Let x be (1 - 31)*(-3)/(-6). Let d = y + x. What is the units digit of d?
7
Let g(y) = -9*y - 154. Let i be g(-22). What is the tens digit of i + -1 - (-3 - -7)?
3
Let y(a) = 3*a**2 - 13*a - 5*a**2 + 4*a**2 - 30 - 3*a**2. Let g be y(-9). What is the units digit of 709/9 + g + 52/(-9)?
9
Suppose -6*k = 2*k + 15*k - 134895. What is the hundreds digit of k?
8
What is the thousands digit of (-4)/(-22) + 133140/22?
6
Let f be (296/32)/((-2)/(-8)). Suppose -3 - f = -8*h. What is the tens digit of h*5/(-10)*-20?
5
Suppose -37*a + 2035298 + 2801786 = 124*a. What is the thousands digit of a?
0
Let x(v) = -v**3 - 5*v**2 + 19*v + 99. Let u be x(-7). Let o(n) = n**3 + 13*n**2 + 16*n - 1. Let p be o(-12). Let c = u + p. What is the units digit of c?
5
Suppose -4*j - h = -33795, -2*j + 5*h = h - 16902. What is the tens digit of j?
4
Let y(o) = o**3 + 1. Let z(s) = 11*s**2 - s + 5. Let w(n) = y(n) - z(n). What is the units digit of w(11)?
7
Let g = 7 - 5. Suppose 10 = n - 2*c, -80 + 75 = n + c. Suppose 0 = g*m + 3*p - 233 - 37, n = -2*p. What is the units digit of m?
5
Let b(z) = -4*z + 134. Let m be b(33). What is the units digit of (-3 - m)/10*-1142?
1
Let u = -740 - -2176. Suppose 0 = 50*m - 54*m + u. What is the tens digit of m?
5
Let q(z) be the third derivative of 181*z**5/60 + 23*z**4/24 + 15*z**3/2 - 123*z**2. What is the units digit of q(-2)?
3
Let x = 73 + -72. What is the units digit of x/(-3 - -4)*(0 + 349)?
9
Suppose -13137 = -3*p - 3*b, -32*p + 34*p - 4*b = 8788. What is the thousands digit of p?
4
Let y = 173 - 371. Let a = y + 455. What is the units digit of a?
7
Suppose -29 + 37 = 4*x. Let f(l) = -l**3 + 3*l**2 - 4*l + 5. Let g be f(x). What is the units digit of g/(-2)*138*(-8)/12?
6
Suppose r - 9 = -2*p + 4, 5*p - 55 = -4*r. Let z be -3 + 4*r/(-6). What is the tens digit of z*3*2/(-6)?
1
Let h = 298 + -109. Suppose 6*d - 135 - h = 0. What is the tens digit of d?
5
Let j = 68 + -48. Suppose 7*d = 11*d - j. Suppose 0 = d*r - 4*r - 34. What is the units digit of r?
4
Let d be -1*2 + (91 - 51). Let y(n) = n**3 + 4*n**2 - 4*n + 2. Let x be y(-5). Let f = x + d. What is the units digit of f?
5
Let r(k) = -k**3 + 8*k**2 - 11*k + 8. Let t be r(7). Let q be (3 + t/8)*4. Suppose -25 = -u + q*f + 10, 0 = -3*f - 3. What is the tens digit of u?
3
What is the units digit of 202623/21 - (-115)/345*12/14?
9
Let k = 60 + -55. What is the units digit of (-32053)/(-35) - k/(-25)?
6
Let j be (634*-1)/(20/(-90)*9). Let f = 1759 - j. What is the units digit of f?
2
Let h(n) = -12*n + 127. Let f be h(11). What is the tens digit of 105/(-63)*1641/f?
4
Let a = 34 - 42. Let p be (a/6)/((-4)/(-18)). What is the units digit of 219/9*(-3 - p)?
3
Suppose 100 = 4*v - 2*a, 0 = -5*v + 3*a - 0*a + 126. Suppose -v*r - 30668 = -58*r. What is the tens digit of r?
0
Suppo